{"id":1052,"date":"2020-09-10T17:40:07","date_gmt":"2020-09-10T15:40:07","guid":{"rendered":"http:\/\/cedkqn.med.uni-giessen.de\/?page_id=1052"},"modified":"2022-05-25T09:39:29","modified_gmt":"2022-05-25T07:39:29","slug":"projektpartner","status":"publish","type":"page","link":"https:\/\/cedkqn.med.uni-giessen.de\/index.php\/projektpartner\/","title":{"rendered":"Projektpartner"},"content":{"rendered":"\n<h1>\n\t\tProjektpartner\n\t<\/h1>\n<h2>\n\t\tKonsortialf\u00fchrung\n\t<\/h2>\n\t\t\t\t<a href=\"https:\/\/www.uni-giessen.de\/index.html\" target=\"_blank\" rel=\"noopener\" itemprop=\"url\">\n\t\t\t\t<img decoding=\"async\" src=\"http:\/\/cedkqn.med.uni-giessen.de\/wp-content\/uploads\/2020\/09\/cropped-JLU_Logo_RGB_300dpi-klein-1-300x113.png\" alt=\"http:\/\/cedkqn.med.uni-giessen.de\/wp-content\/uploads\/2020\/09\/cropped-JLU_Logo_RGB_300dpi-klein-1.png\" itemprop=\"image\" title=\"cropped-JLU_Logo_RGB_300dpi-klein-1.png\" onerror=\"this.style.display='none'\"  \/>\n\t\t\t\t<\/a>\n<h5>\n\t\t<a href=\"https:\/\/www.uni-giessen.de\/index.html\" title=\"Justus-Liebig-Universit\u00e4t Gie\u00dfen\" target=\"_blank\" rel=\"noopener\">\n\t\tJustus-Liebig-Universit\u00e4t Gie\u00dfen\n\t\t<\/a>\n\t<\/h5>\n<h2>\n\t\tKonsortialpartner\n\t<\/h2>\n\t\t\t\t<a href=\"https:\/\/www.thm.de\/ges\/\" target=\"_blank\" rel=\"noopener\" itemprop=\"url\">\n\t\t\t\t<img decoding=\"async\" src=\"http:\/\/cedkqn.med.uni-giessen.de\/wp-content\/uploads\/2022\/02\/THM-mini.png\" alt=\"THM-mini\" itemprop=\"image\" title=\"THM-mini\" onerror=\"this.style.display='none'\"  \/>\n\t\t\t\t<\/a>\n<h5>\n\t\t<a href=\"https:\/\/www.thm.de\/ges\/\" title=\"Technische Hochschule Mittelhessen&lt;br \/&gt;University of Applied Sciences\" target=\"_blank\" rel=\"noopener\">\n\t\tTechnische Hochschule Mittelhessen<br \/>University of Applied Sciences\n\t\t<\/a>\n\t<\/h5>\n\t\t\t\t<a href=\"https:\/\/www.medizin.uni-greifswald.de\/de\/home\/\" target=\"_blank\" rel=\"noopener\" itemprop=\"url\">\n\t\t\t\t<img decoding=\"async\" src=\"http:\/\/cedkqn.med.uni-giessen.de\/wp-content\/uploads\/2022\/03\/unimed-greifswald-RGB-mini.jpg\" alt=\"unimed-greifswald-RGB-mini\" itemprop=\"image\" title=\"unimed-greifswald-RGB-mini\" onerror=\"this.style.display='none'\"  \/>\n\t\t\t\t<\/a>\n<h5>\n\t\t<a href=\"https:\/\/www.medizin.uni-greifswald.de\/de\/home\/\" title=\"Universit\u00e4tsmedizin Greifswald\" target=\"_blank\" rel=\"noopener\">\n\t\tUniversit\u00e4tsmedizin Greifswald\n\t\t<\/a>\n\t<\/h5>\n\t\t\t\t<a href=\"https:\/\/www.med.uni-rostock.de\/\" target=\"_blank\" rel=\"noopener\" itemprop=\"url\">\n\t\t\t\t<img decoding=\"async\" src=\"http:\/\/cedkqn.med.uni-giessen.de\/wp-content\/uploads\/2022\/02\/logo_unimed_vk-mini.jpg\" alt=\"logo_unimed_vk-mini\" itemprop=\"image\" title=\"logo_unimed_vk-mini\" onerror=\"this.style.display='none'\"  \/>\n\t\t\t\t<\/a>\n<h5>\n\t\t<a href=\"https:\/\/www.med.uni-rostock.de\/\" title=\"Universit\u00e4tsmedizin Rostock\" target=\"_blank\" rel=\"noopener\">\n\t\tUniversit\u00e4tsmedizin Rostock\n\t\t<\/a>\n\t<\/h5>\n<h2>\n\t\tKooperationspartner\n\t<\/h2>\n\t\t\t\t<a href=\"https:\/\/www.gpge.eu\" target=\"_blank\" rel=\"noopener\" itemprop=\"url\">\n\t\t\t\t<img decoding=\"async\" src=\"http:\/\/cedkqn.med.uni-giessen.de\/wp-content\/uploads\/2022\/02\/logo-gpge-gruen-blauschwarz_mini.png\" alt=\"logo-gpge-gruen-blauschwarz_mini\" itemprop=\"image\" title=\"logo-gpge-gruen-blauschwarz_mini\" onerror=\"this.style.display='none'\"  \/>\n\t\t\t\t<\/a>\n<h5>\n\t\t<a href=\"https:\/\/www.gpge.eu\" title=\"Gesellschaft f\u00fcr P\u00e4diatrische &lt;br \/&gt;Gastroenterologie und Ern\u00e4hrung e. V.\" target=\"_blank\" rel=\"noopener\">\n\t\tGesellschaft f\u00fcr P\u00e4diatrische <br \/>Gastroenterologie und Ern\u00e4hrung e. V.\n\t\t<\/a>\n\t<\/h5>\n\t\t\t\t<a href=\"https:\/\/www.dccv.de\/\" target=\"_blank\" rel=\"noopener\" itemprop=\"url\">\n\t\t\t\t<img decoding=\"async\" src=\"http:\/\/cedkqn.med.uni-giessen.de\/wp-content\/uploads\/2022\/02\/DCCV-Logo-mini.png\" alt=\"DCCV-Logo-mini\" itemprop=\"image\" title=\"DCCV-Logo-mini\" onerror=\"this.style.display='none'\"  \/>\n\t\t\t\t<\/a>\n<h5>\n\t\t<a href=\"https:\/\/www.dccv.de\/\" title=\"Deutsche Morbus Crohn \/ Colitis ulcerosa Vereinigung (DCCV) e. V.\" target=\"_blank\" rel=\"noopener\">\n\t\tDeutsche Morbus Crohn \/ Colitis ulcerosa Vereinigung (DCCV) e. V.\n\t\t<\/a>\n\t<\/h5>\n\t\t\t\t<a href=\"https:\/\/www.btp-ev.de\/\" target=\"_blank\" rel=\"noopener\" itemprop=\"url\">\n\t\t\t\t<img decoding=\"async\" src=\"http:\/\/cedkqn.med.uni-giessen.de\/wp-content\/uploads\/2022\/02\/TransitionsLogo_4c-mini.jpg\" alt=\"TransitionsLogo_4c-mini\" itemprop=\"image\" title=\"TransitionsLogo_4c-mini\" onerror=\"this.style.display='none'\"  \/>\n\t\t\t\t<\/a>\n<h5>\n\t\t<a href=\"https:\/\/www.btp-ev.de\/\" title=\"BerlinerTransitionsprogramm e.V.\" target=\"_blank\" rel=\"noopener\">\n\t\tBerlinerTransitionsprogramm e.V.\n\t\t<\/a>\n\t<\/h5>\n\t\t\t\t<a href=\"https:\/\/www.kindernetzwerk.de\/de\/\" target=\"_blank\" rel=\"noopener\" itemprop=\"url\">\n\t\t\t\t<img decoding=\"async\" src=\"http:\/\/cedkqn.med.uni-giessen.de\/wp-content\/uploads\/2022\/02\/logo-kindernetzwerk_mini.png\" alt=\"logo-kindernetzwerk_mini\" itemprop=\"image\" title=\"logo-kindernetzwerk_mini\" onerror=\"this.style.display='none'\"  \/>\n\t\t\t\t<\/a>\n<h5>\n\t\t<a href=\"https:\/\/www.kindernetzwerk.de\/de\/\" title=\"knv Kindernetzwerk e.V.\" target=\"_blank\" rel=\"noopener\">\n\t\tknv Kindernetzwerk e.V.\n\t\t<\/a>\n\t<\/h5>\n<h2>\n\t\tgef\u00f6rdert durch\n\t<\/h2>\n\t\t\t\t<a href=\"https:\/\/innovationsfonds.g-ba.de\/projekte\/versorgungsforschung\/ced-kqn-big-data-ehealth-verbesserung-der-versorgung-von-kindern-und-jugendlichen-mit-chronisch-entzuendlichen-darmerkrankungen.171\" target=\"_blank\" rel=\"noopener\" itemprop=\"url\">\n\t\t\t\t<img loading=\"lazy\" decoding=\"async\" src=\"https:\/\/cedkqn.med.uni-giessen.de\/wp-content\/uploads\/2020\/08\/cropped-NEU_GBA_Innovationsausschuss_mitSchutzraum.jpg-300x170.jpg\" alt=\"http:\/\/cedkqn.med.uni-giessen.de\/wp-content\/uploads\/2020\/08\/cropped-NEU_GBA_Innovationsausschuss_mitSchutzraum.jpg.jpg\" itemprop=\"image\" height=\"170\" width=\"300\" title=\"cropped-NEU_GBA_Innovationsausschuss_mitSchutzraum.jpg.jpg\" onerror=\"this.style.display='none'\"  \/>\n\t\t\t\t<\/a>\n\t\tF\u00f6rderkennzeichen: 01VSF17054\n<h5>\n\t\t<a href=\"https:\/\/innovationsfonds.g-ba.de\/projekte\/versorgungsforschung\/ced-kqn-big-data-ehealth-verbesserung-der-versorgung-von-kindern-und-jugendlichen-mit-chronisch-entzuendlichen-darmerkrankungen.171\" title=\"Gemeinsamer Bundesausschuss&lt;br \/&gt;Innovationsausschuss&lt;br \/&gt;\" target=\"_blank\" rel=\"noopener\">\n\t\tGemeinsamer Bundesausschuss<br \/>Innovationsausschuss<br \/>\n\t\t<\/a>\n\t<\/h5>\n<h2>\n\t\tProjekttr\u00e4ger\n\t<\/h2>\n\t\t\t\t<a href=\"https:\/\/www.dlr.de\/DE\/Home\/home_node.html\" target=\"_blank\" rel=\"noopener\" itemprop=\"url\">\n\t\t\t\t<img decoding=\"async\" src=\"http:\/\/cedkqn.med.uni-giessen.de\/wp-content\/uploads\/2022\/02\/DLR_Logo.svg-mini.png\" alt=\"DLR_Logo.svg-mini\" itemprop=\"image\" title=\"DLR_Logo.svg-mini\" onerror=\"this.style.display='none'\"  \/>\n\t\t\t\t<\/a>\n<h5>\n\t\t<a href=\"https:\/\/www.dlr.de\/DE\/Home\/home_node.html\" title=\"Deutsches Zentrum f\u00fcr Luft- und Raumfahrt e.V.&lt;br \/&gt;DLR Projekttr\u00e4ger\" target=\"_blank\" rel=\"noopener\">\n\t\tDeutsches Zentrum f\u00fcr Luft- und Raumfahrt e.V.<br \/>DLR Projekttr\u00e4ger\n\t\t<\/a>\n\t<\/h5>\n<h2>\n\t\tUnser Team\n\t<\/h2>\n\t\t\t\t<img decoding=\"async\" src=\"http:\/\/cedkqn.med.uni-giessen.de\/wp-content\/uploads\/2022\/02\/KPZimmer_sw-150x150.jpg\" alt=\"KPZimmer_sw\" itemprop=\"image\" title=\"KPZimmer_sw\" onerror=\"this.style.display='none'\"  \/>\n<h4>\n\t\tPROF. DR. MED. <br \/>KLAUS-PETER ZIMMER\n\t<\/h4>\n<h6>\n\t\tUniversit\u00e4tskinderklinik Gie\u00dfen (UKGM)\n\t<\/h6>\n\t<p>ehemal. Abteilungsleiter Allgemeine P\u00e4diatrie und Neonatologie<\/p>\n\t\t\t\t<img decoding=\"async\" src=\"http:\/\/cedkqn.med.uni-giessen.de\/wp-content\/uploads\/2022\/01\/Jan_de_Laffolie_sw-150x150.jpg\" alt=\"Jan_de_Laffolie_sw\" itemprop=\"image\" title=\"Jan_de_Laffolie_sw\" onerror=\"this.style.display='none'\"  \/>\n<h4>\n\t\tProf. Dr. med.<br \/>Jan de Laffolie\n\t<\/h4>\n<h6>\n\t\tUniversit\u00e4tskinderklinik Gie\u00dfen (UKGM)\n\t<\/h6>\n\t<p>Leitender Oberarzt Gastroenterologie und Sprecher der AG CEDATA-GPGE<\/p>\n\t\t\t\t<img decoding=\"async\" src=\"http:\/\/cedkqn.med.uni-giessen.de\/wp-content\/uploads\/2022\/01\/nvdb-150x150.jpg\" alt=\"nvdb\" itemprop=\"image\" title=\"nvdb\" onerror=\"this.style.display='none'\"  \/>\n<h4>\n\t\tProf. Dr. <br \/>Neeltje van den Berg<br \/>\n\t<\/h4>\n<h6>\n\t\tInstitut f\u00fcr Community Medicine &#8211;\u00a0Abt. Versorgungsepidemiologie &#038; Community Health <br \/>Universit\u00e4tsmedizin Greifswald\n\t<\/h6>\n\t<p>Stellv. Abteilungsleitung, Bereichsleitung Innovative Versorgungskonzepte \/ regionale Versorgung<\/p>\n\t\t\t\t<img decoding=\"async\" src=\"http:\/\/cedkqn.med.uni-giessen.de\/wp-content\/uploads\/2022\/01\/Keywan_Sohrabi_sw-150x150.jpg\" alt=\"Keywan_Sohrabi_sw\" itemprop=\"image\" title=\"Keywan_Sohrabi_sw\" onerror=\"this.style.display='none'\"  \/>\n<h4>\n\t\tProf. Dr. rer. physiol. <br \/>Keywan Sohrabi\n\t<\/h4>\n<h6>\n\t\tTechnische Hochschule Mittelhessen (THM)\n\t<\/h6>\n\t<p>Prodekan des Fachbereichs Gesundheit und Professor f\u00fcr Medizinische Informatik<\/p>\n\t\t\t\t<img decoding=\"async\" src=\"http:\/\/cedkqn.med.uni-giessen.de\/wp-content\/uploads\/2022\/02\/Daebritz_sw-150x150.jpg\" alt=\"Daebritz_sw\" itemprop=\"image\" title=\"Daebritz_sw\" onerror=\"this.style.display='none'\"  \/>\n<h4>\n\t\tPROF. DR. MED. <br \/>JAN D\u00c4BRITZ\n\t<\/h4>\n<h6>\n\t\tUniversit\u00e4tsmedizin Greifswald\n\t<\/h6>\n\t<p>Projektleitung Transitionsstudie<\/p>\n\t\t\t\t<img decoding=\"async\" src=\"http:\/\/cedkqn.med.uni-giessen.de\/wp-content\/uploads\/2022\/01\/csm_Prof._Radke_140af342f3-150x150.jpg\" alt=\"csm_Prof._Radke_140af342f3\" itemprop=\"image\" title=\"csm_Prof._Radke_140af342f3\" onerror=\"this.style.display='none'\"  \/>\n<h4>\n\t\tProf. Dr. med.<br \/>Michael Radke<br \/>\n\t<\/h4>\n<h6>\n\t\tUniversit\u00e4tsmedizin Rostock\n\t<\/h6>\n\t\t\t\t<img decoding=\"async\" src=\"http:\/\/cedkqn.med.uni-giessen.de\/wp-content\/uploads\/2022\/01\/Kalina_Kaul_sw-150x150.jpg\" alt=\"Kalina_Kaul_sw\" itemprop=\"image\" title=\"Kalina_Kaul_sw\" onerror=\"this.style.display='none'\"  \/>\n<h4>\n\t\tKALINA KAUL\n\t<\/h4>\n<h6>\n\t\tJustus-Liebig-Universit\u00e4t Gie\u00dfen (JLU)\n\t<\/h6>\n\t<p>Projektkoordinatorin CED-KQN<\/p>\n\t\t\t\t<img decoding=\"async\" src=\"http:\/\/cedkqn.med.uni-giessen.de\/wp-content\/uploads\/2022\/01\/TanjaWeidenhausen_sw-150x150.jpg\" alt=\"TanjaWeidenhausen_sw\" itemprop=\"image\" title=\"TanjaWeidenhausen_sw\" onerror=\"this.style.display='none'\"  \/>\n<h4>\n\t\tTanja Weidenhausen\n\t<\/h4>\n<h6>\n\t\tJustus-Liebig-Universit\u00e4t Gie\u00dfen (JLU)\n\t<\/h6>\n\t<p>Leiterin Studienzentrale der Universit\u00e4tskinderklinik<\/p>\n\t\t\t\t<img decoding=\"async\" src=\"http:\/\/cedkqn.med.uni-giessen.de\/wp-content\/uploads\/2022\/01\/Hanna_Gurmai-sw-150x150.jpg\" alt=\"Hanna_Gurmai--sw\" itemprop=\"image\" title=\"Hanna_Gurmai--sw\" onerror=\"this.style.display='none'\"  \/>\n<h4>\n\t\tHanna Gurmai\n\t<\/h4>\n<h6>\n\t\tJustus-Liebig-Universit\u00e4t Gie\u00dfen (JLU)\n\t<\/h6>\n\t<p>Medizinische Dokumentarin an der Universit\u00e4tskinderklinik<\/p>\n\t\t\t\t<img decoding=\"async\" src=\"http:\/\/cedkqn.med.uni-giessen.de\/wp-content\/uploads\/2022\/01\/Maren-Leiz-150x150.jpg\" alt=\"Maren-Leiz\" itemprop=\"image\" title=\"Maren-Leiz\" onerror=\"this.style.display='none'\"  \/>\n<h4>\n\t\tMAREN LEIZ\n\t<\/h4>\n<h6>\n\t\tInstitut f\u00fcr Community Medicine &#8211; Abt. Versorgungsepidemiologie und Community Health Universit\u00e4tsmedizin Greifswald\n\t<\/h6>\n\t<p>Wissenschaftliche Mitarbeiterin im Forschungsbereich Innovative Versorgungskonzepte und regionale Versorgung<\/p>\n\t\t\t\t<img decoding=\"async\" src=\"http:\/\/cedkqn.med.uni-giessen.de\/wp-content\/uploads\/2022\/01\/Luisa-Tischler-150x150.jpg\" alt=\"Luisa-Tischler\" itemprop=\"image\" title=\"Luisa-Tischler\" onerror=\"this.style.display='none'\"  \/>\n<h4>\n\t\tLuisa Tischler\n\t<\/h4>\n<h6>\n\t\tInstitut f\u00fcr Community Medicine &#8211; Abt. Versorgungsepidemiologie und Community Health<br \/>Universit\u00e4tsmedizin Greifswald\n\t<\/h6>\n\t<p>Wissenschaftliche Mitarbeiterin im Forschungsbereich Innovative Versorgungskonzepte und regionale Versorgung<\/p>\n\t\t\t\t<img decoding=\"async\" src=\"http:\/\/cedkqn.med.uni-giessen.de\/wp-content\/uploads\/2022\/01\/Nicolas_Schneider_sw-150x150.jpg\" alt=\"Nicolas_Schneider_sw\" itemprop=\"image\" title=\"Nicolas_Schneider_sw\" onerror=\"this.style.display='none'\"  \/>\n<h4>\n\t\tNicolas Schneider\n\t<\/h4>\n<h6>\n\t\tInstitut f\u00fcr Medizinische Informatik (IMI)\n\t<\/h6>\n\t<p>Softwareingenieur und wissenschaftlicher Mitarbeiter<\/p>\n\t\t\t\t<img decoding=\"async\" src=\"http:\/\/cedkqn.med.uni-giessen.de\/wp-content\/uploads\/2022\/01\/sonja-wattendorf-150x150.jpg\" alt=\"sonja-wattendorf\" itemprop=\"image\" title=\"sonja-wattendorf\" onerror=\"this.style.display='none'\"  \/>\n<h4>\n\t\tSonja Wattendorf\n\t<\/h4>\n<h6>\n\t\tTechnische Hochschule Mittelhessen (THM)\n\t<\/h6>\n\t<p>Softwareentwicklerin und wissenschaftliche Mitarbeiterin<\/p>\n\t\t\t\t<img decoding=\"async\" src=\"http:\/\/cedkqn.med.uni-giessen.de\/wp-content\/uploads\/2022\/02\/Lydia-Schaefer-150x150.jpg\" alt=\"Lydia-Schaefer\" itemprop=\"image\" title=\"Lydia-Schaefer\" onerror=\"this.style.display='none'\"  \/>\n<h4>\n\t\tLydia Sch\u00e4fer\n\t<\/h4>\n<h6>\n\t\tUniversit\u00e4tsmedizin Rostock\n\t<\/h6>\n\t<p>Wissenschaftliche Mitarbeiterin<\/p>\n\t\t\t\t<img decoding=\"async\" src=\"http:\/\/cedkqn.med.uni-giessen.de\/wp-content\/uploads\/2022\/01\/LauraEckes-150x150.png\" alt=\"LauraEckes\" itemprop=\"image\" title=\"LauraEckes\" onerror=\"this.style.display='none'\"  \/>\n<h4>\n\t\tLaura Eckes\n\t<\/h4>\n<h6>\n\t\tFreelancerin<br \/>Laura Eckes \u00b7 Gestaltung &#038; Illustration<br \/>\n\t<\/h6>\n\t<p>Illustratorin und Mediengestalterin<\/p>\n\t\t\t\t<img decoding=\"async\" src=\"http:\/\/cedkqn.med.uni-giessen.de\/wp-content\/uploads\/2022\/01\/Jasmin_2-150x150.jpg\" alt=\"Jasmin_2\" itemprop=\"image\" title=\"Jasmin_2\" onerror=\"this.style.display='none'\"  \/>\n<h4>\n\t\tJasmin Spaar\n\t<\/h4>\n<h6>\n\t\tJustus-Liebig-Universit\u00e4t Gie\u00dfen (JLU)\n\t<\/h6>\n\t<p>Wissenschaftliche Hilfskraft<\/p>\n\n","protected":false},"excerpt":{"rendered":"<p>Projektpartner Konsortialf\u00fchrung Justus-Liebig-Universit\u00e4t Gie\u00dfen Konsortialpartner Technische Hochschule MittelhessenUniversity of Applied Sciences Universit\u00e4tsmedizin Greifswald Universit\u00e4tsmedizin Rostock Kooperationspartner Gesellschaft f\u00fcr P\u00e4diatrische Gastroenterologie und Ern\u00e4hrung e. V. Deutsche Morbus Crohn \/ Colitis ulcerosa Vereinigung (DCCV) e. V. BerlinerTransitionsprogramm e.V. knv Kindernetzwerk e.V. gef\u00f6rdert durch F\u00f6rderkennzeichen: 01VSF17054 Gemeinsamer BundesausschussInnovationsausschuss Projekttr\u00e4ger Deutsches Zentrum f\u00fcr Luft- und Raumfahrt e.V.DLR Projekttr\u00e4ger Unser &hellip;<\/p>\n<p class=\"read-more\"> <a class=\"\" href=\"https:\/\/cedkqn.med.uni-giessen.de\/index.php\/projektpartner\/\"> <span class=\"screen-reader-text\">Projektpartner<\/span> Weiterlesen &raquo;<\/a><\/p>\n","protected":false},"author":10,"featured_media":0,"parent":0,"menu_order":0,"comment_status":"closed","ping_status":"closed","template":"","meta":{"site-sidebar-layout":"default","site-content-layout":"default","ast-global-header-display":"","ast-main-header-display":"","ast-hfb-above-header-display":"","ast-hfb-below-header-display":"","ast-hfb-mobile-header-display":"","site-post-title":"disabled","ast-breadcrumbs-content":"","ast-featured-img":"","footer-sml-layout":"","theme-transparent-header-meta":"","adv-header-id-meta":"","stick-header-meta":"","header-above-stick-meta":"","header-main-stick-meta":"","header-below-stick-meta":"","footnotes":""},"class_list":["post-1052","page","type-page","status-publish","hentry"],"yoast_head":"<!-- This site is optimized with the Yoast SEO plugin v27.3 - https:\/\/yoast.com\/product\/yoast-seo-wordpress\/ -->\n<title>Projektpartner - CEDKQN<\/title>\n<meta name=\"robots\" content=\"index, follow, max-snippet:-1, max-image-preview:large, max-video-preview:-1\" \/>\n<link rel=\"canonical\" href=\"https:\/\/cedkqn.med.uni-giessen.de\/index.php\/projektpartner\/\" \/>\n<meta property=\"og:locale\" content=\"de_DE\" \/>\n<meta property=\"og:type\" content=\"article\" \/>\n<meta property=\"og:title\" content=\"Projektpartner - CEDKQN\" \/>\n<meta property=\"og:description\" content=\"Projektpartner Konsortialf\u00fchrung Justus-Liebig-Universit\u00e4t Gie\u00dfen Konsortialpartner Technische Hochschule MittelhessenUniversity of Applied Sciences Universit\u00e4tsmedizin Greifswald Universit\u00e4tsmedizin Rostock Kooperationspartner Gesellschaft f\u00fcr P\u00e4diatrische Gastroenterologie und Ern\u00e4hrung e. V. Deutsche Morbus Crohn \/ Colitis ulcerosa Vereinigung (DCCV) e. V. BerlinerTransitionsprogramm e.V. knv Kindernetzwerk e.V. gef\u00f6rdert durch F\u00f6rderkennzeichen: 01VSF17054 Gemeinsamer BundesausschussInnovationsausschuss Projekttr\u00e4ger Deutsches Zentrum f\u00fcr Luft- und Raumfahrt e.V.DLR Projekttr\u00e4ger Unser &hellip; Projektpartner Weiterlesen &raquo;\" \/>\n<meta property=\"og:url\" content=\"https:\/\/cedkqn.med.uni-giessen.de\/index.php\/projektpartner\/\" \/>\n<meta property=\"og:site_name\" content=\"CEDKQN\" \/>\n<meta property=\"article:modified_time\" content=\"2022-05-25T07:39:29+00:00\" \/>\n<meta property=\"og:image\" content=\"http:\/\/cedkqn.med.uni-giessen.de\/wp-content\/uploads\/2020\/09\/cropped-JLU_Logo_RGB_300dpi-klein-1-300x113.png\" \/>\n<meta name=\"twitter:card\" content=\"summary_large_image\" \/>\n<meta name=\"twitter:label1\" content=\"Gesch\u00e4tzte Lesezeit\" \/>\n\t<meta name=\"twitter:data1\" content=\"7\u00a0Minuten\" \/>\n<script type=\"application\/ld+json\" class=\"yoast-schema-graph\">{\"@context\":\"https:\\\/\\\/schema.org\",\"@graph\":[{\"@type\":\"WebPage\",\"@id\":\"https:\\\/\\\/cedkqn.med.uni-giessen.de\\\/index.php\\\/projektpartner\\\/\",\"url\":\"https:\\\/\\\/cedkqn.med.uni-giessen.de\\\/index.php\\\/projektpartner\\\/\",\"name\":\"Projektpartner - CEDKQN\",\"isPartOf\":{\"@id\":\"https:\\\/\\\/cedkqn.med.uni-giessen.de\\\/#website\"},\"primaryImageOfPage\":{\"@id\":\"https:\\\/\\\/cedkqn.med.uni-giessen.de\\\/index.php\\\/projektpartner\\\/#primaryimage\"},\"image\":{\"@id\":\"https:\\\/\\\/cedkqn.med.uni-giessen.de\\\/index.php\\\/projektpartner\\\/#primaryimage\"},\"thumbnailUrl\":\"http:\\\/\\\/cedkqn.med.uni-giessen.de\\\/wp-content\\\/uploads\\\/2020\\\/09\\\/cropped-JLU_Logo_RGB_300dpi-klein-1-300x113.png\",\"datePublished\":\"2020-09-10T15:40:07+00:00\",\"dateModified\":\"2022-05-25T07:39:29+00:00\",\"breadcrumb\":{\"@id\":\"https:\\\/\\\/cedkqn.med.uni-giessen.de\\\/index.php\\\/projektpartner\\\/#breadcrumb\"},\"inLanguage\":\"de\",\"potentialAction\":[{\"@type\":\"ReadAction\",\"target\":[\"https:\\\/\\\/cedkqn.med.uni-giessen.de\\\/index.php\\\/projektpartner\\\/\"]}]},{\"@type\":\"ImageObject\",\"inLanguage\":\"de\",\"@id\":\"https:\\\/\\\/cedkqn.med.uni-giessen.de\\\/index.php\\\/projektpartner\\\/#primaryimage\",\"url\":\"https:\\\/\\\/cedkqn.med.uni-giessen.de\\\/wp-content\\\/uploads\\\/2020\\\/09\\\/cropped-JLU_Logo_RGB_300dpi-klein-1.png\",\"contentUrl\":\"https:\\\/\\\/cedkqn.med.uni-giessen.de\\\/wp-content\\\/uploads\\\/2020\\\/09\\\/cropped-JLU_Logo_RGB_300dpi-klein-1.png\",\"width\":2412,\"height\":909},{\"@type\":\"BreadcrumbList\",\"@id\":\"https:\\\/\\\/cedkqn.med.uni-giessen.de\\\/index.php\\\/projektpartner\\\/#breadcrumb\",\"itemListElement\":[{\"@type\":\"ListItem\",\"position\":1,\"name\":\"Startseite\",\"item\":\"https:\\\/\\\/cedkqn.med.uni-giessen.de\\\/\"},{\"@type\":\"ListItem\",\"position\":2,\"name\":\"Projektpartner\"}]},{\"@type\":\"WebSite\",\"@id\":\"https:\\\/\\\/cedkqn.med.uni-giessen.de\\\/#website\",\"url\":\"https:\\\/\\\/cedkqn.med.uni-giessen.de\\\/\",\"name\":\"CEDKQN\",\"description\":\"Eine weitere WordPress-Website\",\"publisher\":{\"@id\":\"https:\\\/\\\/cedkqn.med.uni-giessen.de\\\/#organization\"},\"potentialAction\":[{\"@type\":\"SearchAction\",\"target\":{\"@type\":\"EntryPoint\",\"urlTemplate\":\"https:\\\/\\\/cedkqn.med.uni-giessen.de\\\/?s={search_term_string}\"},\"query-input\":{\"@type\":\"PropertyValueSpecification\",\"valueRequired\":true,\"valueName\":\"search_term_string\"}}],\"inLanguage\":\"de\"},{\"@type\":\"Organization\",\"@id\":\"https:\\\/\\\/cedkqn.med.uni-giessen.de\\\/#organization\",\"name\":\"CEDKQN\",\"url\":\"https:\\\/\\\/cedkqn.med.uni-giessen.de\\\/\",\"logo\":{\"@type\":\"ImageObject\",\"inLanguage\":\"de\",\"@id\":\"https:\\\/\\\/cedkqn.med.uni-giessen.de\\\/#\\\/schema\\\/logo\\\/image\\\/\",\"url\":\"https:\\\/\\\/cedkqn.med.uni-giessen.de\\\/wp-content\\\/uploads\\\/2020\\\/08\\\/Logo-01-v02-Transp.png\",\"contentUrl\":\"https:\\\/\\\/cedkqn.med.uni-giessen.de\\\/wp-content\\\/uploads\\\/2020\\\/08\\\/Logo-01-v02-Transp.png\",\"width\":2000,\"height\":2000,\"caption\":\"CEDKQN\"},\"image\":{\"@id\":\"https:\\\/\\\/cedkqn.med.uni-giessen.de\\\/#\\\/schema\\\/logo\\\/image\\\/\"}}]}<\/script>\n<!-- \/ Yoast SEO plugin. -->","yoast_head_json":{"title":"Projektpartner - CEDKQN","robots":{"index":"index","follow":"follow","max-snippet":"max-snippet:-1","max-image-preview":"max-image-preview:large","max-video-preview":"max-video-preview:-1"},"canonical":"https:\/\/cedkqn.med.uni-giessen.de\/index.php\/projektpartner\/","og_locale":"de_DE","og_type":"article","og_title":"Projektpartner - CEDKQN","og_description":"Projektpartner Konsortialf\u00fchrung Justus-Liebig-Universit\u00e4t Gie\u00dfen Konsortialpartner Technische Hochschule MittelhessenUniversity of Applied Sciences Universit\u00e4tsmedizin Greifswald Universit\u00e4tsmedizin Rostock Kooperationspartner Gesellschaft f\u00fcr P\u00e4diatrische Gastroenterologie und Ern\u00e4hrung e. V. Deutsche Morbus Crohn \/ Colitis ulcerosa Vereinigung (DCCV) e. V. BerlinerTransitionsprogramm e.V. knv Kindernetzwerk e.V. gef\u00f6rdert durch F\u00f6rderkennzeichen: 01VSF17054 Gemeinsamer BundesausschussInnovationsausschuss Projekttr\u00e4ger Deutsches Zentrum f\u00fcr Luft- und Raumfahrt e.V.DLR Projekttr\u00e4ger Unser &hellip; Projektpartner Weiterlesen &raquo;","og_url":"https:\/\/cedkqn.med.uni-giessen.de\/index.php\/projektpartner\/","og_site_name":"CEDKQN","article_modified_time":"2022-05-25T07:39:29+00:00","og_image":[{"url":"http:\/\/cedkqn.med.uni-giessen.de\/wp-content\/uploads\/2020\/09\/cropped-JLU_Logo_RGB_300dpi-klein-1-300x113.png","type":"","width":"","height":""}],"twitter_card":"summary_large_image","twitter_misc":{"Gesch\u00e4tzte Lesezeit":"7\u00a0Minuten"},"schema":{"@context":"https:\/\/schema.org","@graph":[{"@type":"WebPage","@id":"https:\/\/cedkqn.med.uni-giessen.de\/index.php\/projektpartner\/","url":"https:\/\/cedkqn.med.uni-giessen.de\/index.php\/projektpartner\/","name":"Projektpartner - CEDKQN","isPartOf":{"@id":"https:\/\/cedkqn.med.uni-giessen.de\/#website"},"primaryImageOfPage":{"@id":"https:\/\/cedkqn.med.uni-giessen.de\/index.php\/projektpartner\/#primaryimage"},"image":{"@id":"https:\/\/cedkqn.med.uni-giessen.de\/index.php\/projektpartner\/#primaryimage"},"thumbnailUrl":"http:\/\/cedkqn.med.uni-giessen.de\/wp-content\/uploads\/2020\/09\/cropped-JLU_Logo_RGB_300dpi-klein-1-300x113.png","datePublished":"2020-09-10T15:40:07+00:00","dateModified":"2022-05-25T07:39:29+00:00","breadcrumb":{"@id":"https:\/\/cedkqn.med.uni-giessen.de\/index.php\/projektpartner\/#breadcrumb"},"inLanguage":"de","potentialAction":[{"@type":"ReadAction","target":["https:\/\/cedkqn.med.uni-giessen.de\/index.php\/projektpartner\/"]}]},{"@type":"ImageObject","inLanguage":"de","@id":"https:\/\/cedkqn.med.uni-giessen.de\/index.php\/projektpartner\/#primaryimage","url":"https:\/\/cedkqn.med.uni-giessen.de\/wp-content\/uploads\/2020\/09\/cropped-JLU_Logo_RGB_300dpi-klein-1.png","contentUrl":"https:\/\/cedkqn.med.uni-giessen.de\/wp-content\/uploads\/2020\/09\/cropped-JLU_Logo_RGB_300dpi-klein-1.png","width":2412,"height":909},{"@type":"BreadcrumbList","@id":"https:\/\/cedkqn.med.uni-giessen.de\/index.php\/projektpartner\/#breadcrumb","itemListElement":[{"@type":"ListItem","position":1,"name":"Startseite","item":"https:\/\/cedkqn.med.uni-giessen.de\/"},{"@type":"ListItem","position":2,"name":"Projektpartner"}]},{"@type":"WebSite","@id":"https:\/\/cedkqn.med.uni-giessen.de\/#website","url":"https:\/\/cedkqn.med.uni-giessen.de\/","name":"CEDKQN","description":"Eine weitere WordPress-Website","publisher":{"@id":"https:\/\/cedkqn.med.uni-giessen.de\/#organization"},"potentialAction":[{"@type":"SearchAction","target":{"@type":"EntryPoint","urlTemplate":"https:\/\/cedkqn.med.uni-giessen.de\/?s={search_term_string}"},"query-input":{"@type":"PropertyValueSpecification","valueRequired":true,"valueName":"search_term_string"}}],"inLanguage":"de"},{"@type":"Organization","@id":"https:\/\/cedkqn.med.uni-giessen.de\/#organization","name":"CEDKQN","url":"https:\/\/cedkqn.med.uni-giessen.de\/","logo":{"@type":"ImageObject","inLanguage":"de","@id":"https:\/\/cedkqn.med.uni-giessen.de\/#\/schema\/logo\/image\/","url":"https:\/\/cedkqn.med.uni-giessen.de\/wp-content\/uploads\/2020\/08\/Logo-01-v02-Transp.png","contentUrl":"https:\/\/cedkqn.med.uni-giessen.de\/wp-content\/uploads\/2020\/08\/Logo-01-v02-Transp.png","width":2000,"height":2000,"caption":"CEDKQN"},"image":{"@id":"https:\/\/cedkqn.med.uni-giessen.de\/#\/schema\/logo\/image\/"}}]}},"_links":{"self":[{"href":"https:\/\/cedkqn.med.uni-giessen.de\/index.php\/wp-json\/wp\/v2\/pages\/1052","targetHints":{"allow":["GET"]}}],"collection":[{"href":"https:\/\/cedkqn.med.uni-giessen.de\/index.php\/wp-json\/wp\/v2\/pages"}],"about":[{"href":"https:\/\/cedkqn.med.uni-giessen.de\/index.php\/wp-json\/wp\/v2\/types\/page"}],"author":[{"embeddable":true,"href":"https:\/\/cedkqn.med.uni-giessen.de\/index.php\/wp-json\/wp\/v2\/users\/10"}],"replies":[{"embeddable":true,"href":"https:\/\/cedkqn.med.uni-giessen.de\/index.php\/wp-json\/wp\/v2\/comments?post=1052"}],"version-history":[{"count":51,"href":"https:\/\/cedkqn.med.uni-giessen.de\/index.php\/wp-json\/wp\/v2\/pages\/1052\/revisions"}],"predecessor-version":[{"id":3548,"href":"https:\/\/cedkqn.med.uni-giessen.de\/index.php\/wp-json\/wp\/v2\/pages\/1052\/revisions\/3548"}],"wp:attachment":[{"href":"https:\/\/cedkqn.med.uni-giessen.de\/index.php\/wp-json\/wp\/v2\/media?parent=1052"}],"curies":[{"name":"wp","href":"https:\/\/api.w.org\/{rel}","templated":true}]}}